{"id":7786,"date":"2020-05-14T14:31:32","date_gmt":"2020-05-14T12:31:32","guid":{"rendered":"https:\/\/www.idiliospain.com\/?page_id=7786"},"modified":"2020-05-14T14:35:11","modified_gmt":"2020-05-14T12:35:11","slug":"7786-2","status":"publish","type":"page","link":"https:\/\/www.idiliospain.com\/es\/7786-2\/","title":{"rendered":""},"content":{"rendered":"<p>&nbsp;<\/p>\n<p>POL\u00cdTICA DE PRIVACIDAD<\/p>\n<p>&nbsp;<\/p>\n<p>Responsable: La Esfera del Arte S.L. (en adelante Idilio Spain)<\/p>\n<p>Domicilio: c\/ Luis V\u00e9lez de Guevara 7 &#8211; 28012 Madrid<\/p>\n<p>CIF: ESB80875917<\/p>\n<p>&nbsp;<\/p>\n<p>Idilio Spain est\u00e1 firmemente comprometida con el cumplimiento de la Protecci\u00f3n de Datos, ajust\u00e1ndose al Reglamento General de Protecci\u00f3n de Datos, de 27 abril 2016.<\/p>\n<p>La base legal por la cual Idilio Spain est\u00e1 legitimada al tratamiento de los datos de car\u00e1cter personal es el consentimiento expreso por parte del interesado al contactar con Idilio Spain. La finalidad del tratamiento es la satisfacci\u00f3n de aquello que el interesado requiera cuando se pone en contacto con Idilio Spain.<\/p>\n<p>Los datos ser\u00e1n conservados durante el plazo que la finalidad del tratamiento requiera. Sus datos no se ceder\u00e1n a terceros, al igual que no se transferir\u00e1n internacionalmente, salvo que una obligaci\u00f3n legal as\u00ed lo establezca.<\/p>\n<p>Usted podr\u00e1 ejercer los derechos de acceso, rectificaci\u00f3n, oposici\u00f3n, portabilidad y limitaci\u00f3n a trav\u00e9s de los formularios para el ejercicio de sus derechos, que puede solicitarnos via email o mediante correo postal. Si lo prefiere, puede usar los formularios elaborados por la\u00a0 Agencia Espa\u00f1ola de Protecci\u00f3n de Datos o la autoridad competente.<\/p>\n<p>&nbsp;<\/p>\n<p>&nbsp;<\/p>\n","protected":false},"excerpt":{"rendered":"<p>&nbsp; POL\u00cdTICA DE PRIVACIDAD &nbsp; Responsable: La Esfera del Arte S.L. (en adelante Idilio Spain) Domicilio: c\/ Luis V\u00e9lez de Guevara 7 &#8211; 28012 Madrid CIF: ESB80875917 &nbsp; Idilio Spain est\u00e1 firmemente comprometida con el cumplimiento de la Protecci\u00f3n de Datos, ajust\u00e1ndose al Reglamento General de Protecci\u00f3n de Datos, de 27 abril 2016. La base [&hellip;]<\/p>\n","protected":false},"author":1,"featured_media":0,"parent":0,"menu_order":0,"comment_status":"closed","ping_status":"closed","template":"elementor_header_footer","meta":{"_acf_changed":false,"footnotes":""},"class_list":["post-7786","page","type-page","status-publish","hentry"],"acf":[],"_links":{"self":[{"href":"https:\/\/www.idiliospain.com\/es\/wp-json\/wp\/v2\/pages\/7786","targetHints":{"allow":["GET"]}}],"collection":[{"href":"https:\/\/www.idiliospain.com\/es\/wp-json\/wp\/v2\/pages"}],"about":[{"href":"https:\/\/www.idiliospain.com\/es\/wp-json\/wp\/v2\/types\/page"}],"author":[{"embeddable":true,"href":"https:\/\/www.idiliospain.com\/es\/wp-json\/wp\/v2\/users\/1"}],"replies":[{"embeddable":true,"href":"https:\/\/www.idiliospain.com\/es\/wp-json\/wp\/v2\/comments?post=7786"}],"version-history":[{"count":4,"href":"https:\/\/www.idiliospain.com\/es\/wp-json\/wp\/v2\/pages\/7786\/revisions"}],"predecessor-version":[{"id":7788,"href":"https:\/\/www.idiliospain.com\/es\/wp-json\/wp\/v2\/pages\/7786\/revisions\/7788"}],"wp:attachment":[{"href":"https:\/\/www.idiliospain.com\/es\/wp-json\/wp\/v2\/media?parent=7786"}],"curies":[{"name":"wp","href":"https:\/\/api.w.org\/{rel}","templated":true}]}}

<p>&nbsp;</p>
<p>POLÍTICA DE PRIVACIDAD</p>
<p>&nbsp;</p>
<p>Responsable: La Esfera del Arte S.L. (en adelante Idilio Spain)</p>
<p>Domicilio: c/ Luis Vélez de Guevara 7 &#8211; 28012 Madrid</p>
<p>CIF: ESB80875917</p>
<p>&nbsp;</p>
<p>Idilio Spain está firmemente comprometida con el cumplimiento de la Protección de Datos, ajustándose al Reglamento General de Protección de Datos, de 27 abril 2016.</p>
<p>La base legal por la cual Idilio Spain está legitimada al tratamiento de los datos de carácter personal es el consentimiento expreso por parte del interesado al contactar con Idilio Spain. La finalidad del tratamiento es la satisfacción de aquello que el interesado requiera cuando se pone en contacto con Idilio Spain.</p>
<p>Los datos serán conservados durante el plazo que la finalidad del tratamiento requiera. Sus datos no se cederán a terceros, al igual que no se transferirán internacionalmente, salvo que una obligación legal así lo establezca.</p>
<p>Usted podrá ejercer los derechos de acceso, rectificación, oposición, portabilidad y limitación a través de los formularios para el ejercicio de sus derechos, que puede solicitarnos via email o mediante correo postal. Si lo prefiere, puede usar los formularios elaborados por la  Agencia Española de Protección de Datos o la autoridad competente.</p>
<p>&nbsp;</p>
<p>&nbsp;</p>

<p>&nbsp; POLÍTICA DE PRIVACIDAD &nbsp; Responsable: La Esfera del Arte S.L. (en adelante Idilio Spain) Domicilio: c/ Luis Vélez de Guevara 7 &#8211; 28012 Madrid CIF: ESB80875917 &nbsp; Idilio Spain está firmemente comprometida con el cumplimiento de la Protección de Datos, ajustándose al Reglamento General de Protección de Datos, de 27 abril 2016. La base [&hellip;]</p>
